*l - 5. Let v(p) = n(p) + 6*r(p). Let g be -4*2/12*3. Let i be v(g). Let u(h) = h. Calculate u(i).
3
Let r(h) be the third derivative of -h**5/20 + h**4/8 - h**3/2 + 63*h**2 - h. Give r(5).
-63
Let f be 7/(-1) - (2 + -21 + -1). Let h(j) = -j**2 + 18*j - 65. Determine h(f).
0
Suppose -1 = o, -2*o - 18 = -7*n + 3*n. Let a(h) = h**2 - h - 6. What is a(n)?
6
Let v(f) = -2*f + 28. Let m be v(10). Suppose -b - 2*j = -3 - 7, 0 = -2*j + m. Let y(k) = 16*k + 14. Let t(z) = -5*z - 5. Let a(x) = 8*t(x) + 3*y(x). Give a(b).
18
Let g(c) = -15*c**3 + 2*c**2 - 2*c + 1. Suppose -u - 5*s + 21 = 0, 3*s - 12 = 4*u - s. Give g(u).
-14
Let b(s) be the third derivative of 0*s - 7*s**2 + 0 - 1/24*s**4 + 1/40*s**6 + 1/3*s**3 + 1/30*s**5. Let o(l) = -2*l + 6. Let a be o(4). Determine b(a).
-12
Let o(s) = -6*s**3 + s**2 - s - 1. Let r(y) = -y**2 - 7*y + 2. Let u be r(-4). Suppose 48 = -5*f + c + 5, 2*c - u = f. Let x = f - -7. Give o(x).
7
Let v(j) = j**2 + 3*j + 3. Let u be v(-4). Let l(o) = -45*o**2 - 3 + 38*o**2 - 2*o + o**3 - 2 + 4*o. Calculate l(u).
9
Let c(j) = j - 6. Let i be c(5). Let o(h) = 6*h - 11. Let l be (-5)/4*4*-1. Let s(n) = n - 1. Let d(x) = i*o(x) + l*s(x). Give d(6).
0
Let m(u) = -1. Let r(c) = -2*c + 7. Let a(p) = 4*m(p) + r(p). Let g = -349 - -272. Let j be 57/11 - ((-784)/g + -10). Determine a(j).
-7
Let d = -1 - -1. Suppose d*h - 3*h - 4*y + 9 = 0, 5*y = 0. Let x(w) = 92*w + 198. Let r(f) = 19*f + 41. Let c(i) = 29*r(i) - 6*x(i). Determine c(h).
-2
Let k be (11 - 124/12)/((-2)/(-3)). Let g(o) = 21*o + 2. Determine g(k).
23
Let u(x) be the third derivative of x**4/4 - x**3/2 - x**2 - 110. Determine u(3).
15
Let x be 0 - -1*(3 - 2). Let k(w) = 23*w + 17. Let g(c) = 8*c + 6. Let j(r) = 17*g(r) - 6*k(r). Calculate j(x).
-2
Let m(w) = -w - 23. Suppose -21*l - 184 - 47 = 0. Determine m(l).
-12
Let x(n) be the second derivative of n**4/12 + 2*n**3/3 + n**2/2 + 8*n. Let p = 18 - 16. Suppose p*z - 5*z = 9. Give x(z).
-2
Suppose -1601*k = -1596*k - 25. Let w(h) = -h**2 + 4*h + 6. Give w(k).
1
Let o(g) be the first derivative of 9*g**4/4 - 39. Calculate o(1).
9
Let y = 29 - 21. Let n be 1/(((-1)/5)/(-1)). Suppose n*k - 6 = y*k. Let f(b) = b**3 + 3*b**2 + b + 1. Calculate f(k).
3
Let l(z) = 5*z + 2. Suppose 0 = 3*i + h + 8, -5*i - 40 = 6*h - 11*h. What is l(i)?
-18
Let h(f) be the second derivative of 3/4*f**4 - 11/2*f**2 + 0 + 15*f + 7/6*f**3 + 1/20*f**5. What is h(-8)?
-3
Let q(y) = -3*y**2 - 31*y - 6. Let d be q(-10). Suppose -20*v + d*v - 112 = 0. Let n(o) = -6*o + o**2 - 5*o**2 + 3*o**2 + 6. Give n(v).
-1
Suppose -3*g + 44 = 8. Let f be (-6)/g + 30/4. Let d(a) = a**3 + 3*a + a**2 - f*a + 3*a. Give d(1).
1
Suppose -6*t - 20 = -t. Let y(o) be the first derivative of o**6/360 + o**5/40 - o**4/6 - 2*o**3 + 8. Let w(s) be the third derivative of y(s). Give w(t).
0
Let q(k) = 5*k - 21. Let o(d) = 3*d - 14. Let r(p) = 8*o(p) - 5*q(p). Let x(w) = w**2 + w - 3. Let n be x(-4). Suppose 7 = -2*a - n. Determine r(a).
1
Let i(l) = 6*l**3 - 5*l**2 - 16*l - 38. Let f(p) = -p**3 + p**2 + 3*p + 8. Let x(q) = -11*f(q) - 2*i(q). Give x(0).
-12
Suppose -2 = -2*p - 2*u, 4*p + u - 5 = -4. Suppose p = -5*i - 2*h - 50, 2*h - 52 = 4*i + 6*h. Let s(t) = -t**2 - 10*t - 12. What is s(i)?
4
Suppose 0 = -1789*v + 1777*v + 72. Let w(c) = 4*c**2 - 7*c + 2. Let g(a) = 5*a**2 - 7*a + 3. Let h(d) = 3*g(d) - 4*w(d). Determine h(v).
7
Suppose 8*j - 7*j = 0. Let r(b) = b - 1 - 1 - 6 - 1. Calculate r(j).
-9
Suppose -5*o + 0*o - x - 49 = 0, o = 2*x - 12. Let u(y) = y**3 + 11*y**2 + 10*y - 10. Give u(o).
-10
Let u(n) = -n**3 - 4*n**2 + 2*n + 4. Suppose d = -0 - 21. Let b = -20 - d. Let a be b*-5 + (-4)/(-4). Give u(a).
-4
Let b(h) be the second derivative of -h**5/120 - h**4/4 + 3*h**3/2 - 6*h. Let n(r) be the second derivative of b(r). Determine n(-6).
0
Suppose 2*w - 45 = -47. Let a(d) = -21*d**3 - 2*d**2 - 2*d - 1. Calculate a(w).
20
Let g(n) be the first derivative of n**4/4 - n**3/3 - 3. Let b = 423 + -423. Give g(b).
0
Let j(z) be the second derivative of -31*z**5/20 - z**4/12 + z**3/6 - z**2/2 + 63*z. Give j(1).
-32
Let l = -30 - -18. Let f be l/(-5) - (-10)/(-25). Let z(x) = x - 1 + 121*x**2 - 234*x**2 + 114*x**2. What is z(f)?
5
Let q(w) be the third derivative of -w**4/24 + 7*w**3/6 + 12*w**2 - 8*w. Determine q(6).
1
Let t(l) = -7*l - 4. Suppose 2*y + 5*s + 26 - 5 = 0, -12 = -y + 5*s. Determine t(y).
17
Let c(f) = 48*f**2 - f. Let p = 174 - 173. Determine c(p).
47
Let q(y) be the first derivative of 5*y**4/24 - y**3/2 - y**2 + 1. Let n(o) be the second derivative of q(o). Suppose -6*s = -s, -3*s + 10 = 5*z. What is n(z)?
7
Let w(v) = -2*v**2 + v - 5*v**2 - 2 + 6*v**2 + 4*v - 3*v. Determine w(2).
-2
Let b(r) = -5 - 298137*r**2 + 15*r**3 + 4 + 298137*r**2. What is b(1)?
14
Let n(l) = -4*l - 7. Let b = -52 - -58. Give n(b).
-31
Let x = -79 - -84. Let h(s) = -16 + x - 5*s + 13. Calculate h(2).
-8
Let z(p) = p**2 + 3*p - 4. Let a be z(-4). Suppose 4*u = r + u - 19, 4*r - 31 = 3*u. Let c(i) = i**3 - 3*i + i**2 + r + 0*i**2 - 10 + 4*i. Give c(a).
-6
Let a be 2/((-3)/(27/6)). Let k = 80 + -77. Let g(p) = -2*p + 0*p**3 + 2*p**2 - p**3 + 2*p**k + 2 - p. Determine g(a).
2
Let k(n) be the third derivative of 5/12*n**4 + 1/60*n**5 + 2*n**2 + 0 + 2/3*n**3 - 5*n. Give k(-8).
-12
Let t(u) = -u - 5. Let b = 159 - 166. What is t(b)?
2
Let k(l) = -l**2 + 2*l + 1. Let q(o) be the third derivative of -5*o**4/24 - 8*o**3/3 + 4*o**2. Let p be q(-4). What is k(p)?
-7
Let t(l) = l**2 - 3*l + 3. Let z(s) = s**2 + s + 3. Let g be (1 - (-2)/(-2))/(-1). Let o be z(g). Calculate t(o).
3
Let a(x) be the second derivative of x**3/3 + 13*x**2/2 + 7*x. Let d be a(-6). Let l be d/(-2)*4 - 4. Let q(r) = -r**3 - 7*r**2 - 6*r + 1. Give q(l).
1
Let n(g) = -145*g**3 + 4 - g**2 - 12*g + 4 + 147*g**3 + 5*g. What is n(1)?
2
Let v(d) = 6 - 3*d - 7*d - d + 5 - d**2. Give v(-12).
-1
Let m(q) = q**2 - 10*q - 309. Let l be m(23). Let g(h) = 2*h - 18. Determine g(l).
-38
Suppose -3*k + 2*k - 30 = 5*r, 0 = 2*r + 5*k + 12. Let v(m) = -m**2 + m. Let b(u) = u**3 - 14*u**2 + 13*u + 1. Let p(c) = r*v(c) + b(c). Calculate p(7).
1
Let j(d) = d**3 + 54*d**2 + 203*d + 153. Let f be j(-50). Let p(a) = a**2 - 8*a + 2. What is p(f)?
-13
Let o = -1725 - -1720. Let w(j) = -3*j**2 - 14*j + 9. Give w(o).
4
Let s(l) = -14*l**2 + 5 - 6*l + 7*l**2 + 1 - l**3. Give s(-6).
6
Let f = 1 - 3. Let l(q) = 115*q + 4. Let z(j) = -51*j - 2. Let b(g) = -4*l(g) - 9*z(g). What is b(f)?
4
Let c(f) = -5*f + 13. Let y be c(4). Let p(t) be the third derivative of -t**6/120 - 2*t**5/15 - t**4/3 - t**3/6 - t**2. Determine p(y).
6
Let d(l) = l**3 - 3*l**2 + l + 3. Let v(b) = b**2 + b + 1. Let x(q) = d(q) - v(q). Suppose i - 16 = -4*o, -4*i + 4 = 2*o - 6*o. Give x(o).
-7
Let z(a) be the second derivative of -a**4/12 - a**3/6 + a**2 + 21*a. Give z(-3).
-4
Let d(u) = -4*u - 31. Let q be d(-9). Let l(f) = 2*f - 14. Let g be l(q). Let v(h) = -h**3 - 5*h**2 - 7*h - 6. Determine v(g).
6
Let m(d) be the first derivative of d**3/3 + 3*d**2 - 7*d - 240. What is m(-8)?
9
Suppose -104*h = -99*h + 1085. Let g = h - -218. Let k(u) = 3*u + 2. Let m(j) = 35*j + 25. Let o(c) = -25*k(c) + 2*m(c). Calculate o(g).
-5
Let f(r) be the second derivative of -r**3/2 - r**2 - 3*r. Let g(q) = -1. Let k(b) = f(b) + 3*g(b). Suppose 2*o + 8 = 0, 2*d + d + 4*o + 28 = 0. Determine k(d).
7
Let x(s) = 9*s - 221. Let l be x(24). Let r(q) = q**2 - 33. Determine r(l).
-8
Let z(y) = 72*y - 115*y + 46*y + 57. What is z(-20)?
-3
Let w(b) = -b - 19*b**2 - 16*b**2 + 18*b**2 + 8 - 11 - b**3 + 0*b**3. Determine w(-17).
14
Let f(g) = -5*g**3 - g**2 + 3*g - 7. Let k(y) = 6*y**3 - 3*y + 8. Let z(j) = -5*f(j) - 4*k(j). Give z(-6).
-15
Let p(c) be the third derivative of c**6/15 + c**5/60 + c**4/24 + c**2. Suppose 0 = 410*r - 398*r + 12. What is p(r)?
-8
Let k = -12 + 17. Suppose 0 = k*w - 7*m + 3*m + 1, 0 = 3*w - 5*m - 2. Let p(h) = 20*h - 1. What is p(w)?
-21
Let l(f) = f + 2. Let c be (49/7 - 6)*5. Determine l(c).
7
Let x(s) = 5*s - 4. Let o(k) = -6*k + 5. Let f(q) = 2*o(q) + 3*x(q). Let i(h) = h + 24. Let t be i(-8). Let r = -18 + t. Calculate f(r).
-8
Let u(h) = h - 9. Let o(i) = 1. Let v(m) = -m**2 + 3*m + 3. Let z be v(4). Let k(b) = z*u(b) - 6*o(b). Let p be (3/9)/((-1)/(-12)). Determine k(p).
-1
Let i(f)